{"id":80,"date":"2024-06-12T13:42:56","date_gmt":"2024-06-12T13:42:56","guid":{"rendered":"https:\/\/themes.templatescoder.com\/sastra-addon\/demo-11\/?page_id=80"},"modified":"2026-01-31T22:04:41","modified_gmt":"2026-01-31T22:04:41","slug":"despre-noi","status":"publish","type":"page","link":"https:\/\/spalarepavaj.ro\/","title":{"rendered":"HOME"},"content":{"rendered":"\n<div class=\"wp-block-media-text is-stacked-on-mobile\" style=\"grid-template-columns:51% auto\"><figure class=\"wp-block-media-text__media\"><img fetchpriority=\"high\" decoding=\"async\" width=\"793\" height=\"1024\" src=\"https:\/\/spalarepavaj.ro\/wp-content\/uploads\/2025\/10\/Cmar-gradi-793x1024.jpg\" alt=\"spalare pavaj Bistrita utilaj Nc300\" class=\"wp-image-521 size-full\"\/><\/figure><div class=\"wp-block-media-text__content\">\n<p><\/p>\n<\/div><\/div>\n\n\n\n<h1 class=\"wp-block-heading\">Pavajul T\u0103u Merit\u0103 o Investi\u021bie, Nu doar o Simpl\u0103 Sp\u0103lare.<\/h1>\n\n\n\n<h2 class=\"wp-block-heading\">Servicii Profesionale de Sp\u0103lare \u0219i Etan\u0219are Pavaj \u00een Bistri\u021ba.<\/h2>\n\n\n\n<h2 class=\"wp-block-heading\">Suntem aici sa iti oferim cele mai bune servicii!<\/h2>\n\n\n\n<p>La&nbsp;<strong data-start=\"203\" data-end=\"222\">City Jet Expert<\/strong>, pasiunea pentru cur\u0103\u021benie \u0219i aten\u021bia la detalii se \u00eembin\u0103 cu tehnologia modern\u0103 pentru a oferi servicii profesionale de&nbsp;<strong data-start=\"344\" data-end=\"362\">sp\u0103lare pavaje<\/strong>. Suntem o echip\u0103 dedicat\u0103, cu experien\u021b\u0103 \u00een cur\u0103\u021barea suprafe\u021belor exterioare \u2013 de la alei \u0219i trotuare, p\u00e2n\u0103 la cur\u021bi, parc\u0103ri sau terase.<\/p>\n\n\n\n<p>Folosim echipamente cu presiune \u00eenalt\u0103 \u0219i solu\u021bii ecologice, care \u00eendep\u0103rteaz\u0103 eficient murd\u0103ria, petele de ulei, mucegaiul, praful sau muschiul, f\u0103r\u0103 a afecta structura suprafe\u021bei. Fie c\u0103 este vorba de o locuin\u021b\u0103, un spa\u021biu comercial sau o proprietate industrial\u0103, trat\u0103m fiecare lucrare cu seriozitate \u0219i profesionalism.<\/p>\n\n\n\n<h3 class=\"wp-block-heading\">\ud83d\udd27 <strong data-start=\"939\" data-end=\"1019\">Serviciile noastre \u2013 Cur\u0103\u021bare profesional\u0103 \u00een Bistri\u021ba \u0219i jude\u021bele limitrofe<\/strong><\/h3>\n\n\n\n<p>\ud83d\udd39 <strong data-start=\"1024\" data-end=\"1054\">Sp\u0103lare pavaje \u00een Bistri\u021ba<\/strong><br data-start=\"1054\" data-end=\"1057\">Elimin\u0103m murd\u0103ria, praful, mu\u0219chiul \u0219i petele persistente de pe pavaje din cur\u021bi, parc\u0103ri, trotuare sau alei. Folosim jet de ap\u0103 la presiune ridicat\u0103 pentru rezultate vizibile imediat.<\/p>\n\n\n\n<p>\ud83d\udd39 <strong data-start=\"1246\" data-end=\"1264\">Sp\u0103lare terase<\/strong><br data-start=\"1264\" data-end=\"1267\">Cur\u0103\u021b\u0103m profesional terase din lemn, beton, gresie sau piatr\u0103, red\u00e2nd suprafe\u021belor aspectul curat \u0219i \u00eentre\u021binut, f\u0103r\u0103 a deteriora materialul.<\/p>\n\n\n\n<p>\ud83d\udd39 <strong data-start=\"1413\" data-end=\"1440\">Sp\u0103lare piatr\u0103 natural\u0103<\/strong><br data-start=\"1440\" data-end=\"1443\">Cur\u0103\u021bare delicat\u0103 \u0219i eficient\u0103 pentru suprafe\u021bele din marmur\u0103, travertin, granit sau ardezie. Ideal pentru fa\u021bade, pardoseli, garduri \u0219i alei.<\/p>\n\n\n\n<p>\ud83d\udd39 <strong data-start=\"1590\" data-end=\"1616\">Sp\u0103lare alei pietonale<\/strong><br data-start=\"1616\" data-end=\"1619\">\u00centre\u021binere periodic\u0103 pentru aleile din parcuri, cur\u021bi sau institu\u021bii. Cur\u0103\u021b\u0103m \u00een profunzime \u0219i asigur\u0103m o suprafa\u021b\u0103 sigur\u0103, antiderapant\u0103.<\/p>\n\n\n\n<p>\ud83d\udd39 <strong data-start=\"1763\" data-end=\"1816\">Sp\u0103lare pardoseli \u00een malluri \u0219i spa\u021bii comerciale<\/strong><br data-start=\"1816\" data-end=\"1819\">Servicii adaptate traficului intens din centre comerciale din Bistri\u021ba \u0219i nu numai. Cur\u0103\u021benie impecabil\u0103, f\u0103r\u0103 \u00eentreruperea activit\u0103\u021bii.<\/p>\n\n\n\n<p>\ud83d\udd39 <strong data-start=\"1960\" data-end=\"2011\">Sp\u0103lare pardoseli \u00een parcuri \u0219i locuri de joac\u0103<\/strong><br data-start=\"2011\" data-end=\"2014\">Igieniz\u0103m spa\u021biile publice frecvent utilizate, precum zonele pentru copii, aleile din parcuri sau zonele de odihn\u0103. Solu\u021bii sigure, f\u0103r\u0103 substan\u021be toxice.<\/p>\n\n\n\n<p>\ud83d\udd39 <strong data-start=\"2173\" data-end=\"2203\">Sp\u0103lare piste de biciclete<\/strong><br data-start=\"2203\" data-end=\"2206\">Ideal pentru pistele din zone urbane sau periurbane \u2013 cur\u0103\u021b\u0103m eficient frunzele, noroiul \u0219i murd\u0103ria, pentru un traseu sigur \u0219i bine \u00eentre\u021binut.<\/p>\n\n\n\n<p>\ud83d\udd39 <strong data-start=\"2355\" data-end=\"2393\">Sp\u0103lare pardoseli hale industriale<\/strong><br data-start=\"2393\" data-end=\"2396\">Cur\u0103\u021bare intensiv\u0103 pentru hale, ateliere \u0219i spa\u021bii logistice. Elimin\u0103m uleiuri, praf tehnic, reziduuri industriale \u0219i men\u021binem un mediu curat \u0219i sigur.<\/p>\n\n\n\n<hr class=\"wp-block-separator has-alpha-channel-opacity\"\/>\n\n\n\n<h3 class=\"wp-block-heading\">\u2705 De ce s\u0103 alegi City Jet Expert<\/h3>\n\n\n\n<ul class=\"wp-block-list\">\n<li><br><p data-start=\"2594\" data-end=\"2669\">Firm\u0103 local\u0103 din <strong data-start=\"2611\" data-end=\"2623\">Bistri\u021ba<\/strong>, cu acoperire extins\u0103 \u00een jude\u021bele apropiate<\/p><br><\/li>\n\n\n\n<li><br><p data-start=\"2672\" data-end=\"2743\">Tehnologie profesional\u0103 de sp\u0103lare cu jet de ap\u0103 la presiune ridicat\u0103<\/p><br><\/li>\n\n\n\n<li><br><p data-start=\"2746\" data-end=\"2802\">Servicii personalizate pentru fiecare tip de suprafa\u021b\u0103<\/p><br><\/li>\n\n\n\n<li><br><p data-start=\"2805\" data-end=\"2857\">Promptitudine, transparen\u021b\u0103 \u0219i rezultate garantate<\/p><br><\/li>\n\n\n\n<li><br><p data-start=\"2860\" data-end=\"2904\">Solu\u021bii ecologice, f\u0103r\u0103 substan\u021be d\u0103un\u0103toare<\/p><br><\/li>\n<\/ul>\n\n\n\n<hr class=\"wp-block-separator has-alpha-channel-opacity\"\/>\n\n\n\n<p>Fie c\u0103 ai nevoie de <strong data-start=\"2931\" data-end=\"2961\">sp\u0103lare pavaje \u00een Bistri\u021ba<\/strong>, de <strong data-start=\"2966\" data-end=\"3005\">cur\u0103\u021bare a pardoselilor industriale<\/strong> sau de \u00eentre\u021binerea periodic\u0103 a spa\u021biilor publice \u0219i comerciale, <strong data-start=\"3071\" data-end=\"3090\">City Jet Expert<\/strong> este alegerea potrivit\u0103.<\/p>\n\n\n\n<p><strong data-start=\"3117\" data-end=\"3135\">Contacteaz\u0103-ne<\/strong> pentru o ofert\u0103 personalizat\u0103 \u0219i las\u0103-ne s\u0103 readucem cur\u0103\u021benia la standarde profesionale!<\/p>\n\n\n\n<p><\/p>\n\n\n\n<blockquote class=\"wp-block-quote is-layout-flow wp-block-quote-is-layout-flow\">\n<p><\/p>\n\n\n\n<p><mark style=\"background-color:rgba(0, 0, 0, 0)\" class=\"has-inline-color has-vivid-cyan-blue-color\"><strong>Ce spun Clientii nostri:<\/strong><\/mark><\/p>\n<\/blockquote>\n\n\n\n<p><strong><em>Andrei<\/em><\/strong><br>Recomand!<\/p>\n\n\n\n<p>Recomand cu incredere!!Seriozitate, calitate si punctualitate!!!<\/p>\n\n\n\n<p><br><strong><em>Ana Maria<\/em><\/strong><br>Alegerea perfecta!<\/p>\n\n\n\n<p>Recomand cu drag! Domnul \u0218tefan folose\u0219te ma\u0219ini \u0219i solu\u021bii speciale de cur\u0103\u021bat pavaje. Totul devine ca nou, deci nu ezita\u021bi s\u0103 apela\u021bi cu \u00eencredere.<\/p>\n\n\n\n<p><br><strong><em>Simona<\/em><\/strong><br>Cu siguranta cei mai buni!<\/p>\n\n\n\n<p>Vreti calitate la pret bun? alegerea este foarte simpla! De acum inainte voi folosi serviciile Cityjet Expert, pentru ca primesc profesionalism, punctualitate, servicii de calitate si mult bun simt. Recomand cu toata increderea!<\/p>\n\n\n\n<p><\/p>\n","protected":false},"excerpt":{"rendered":"<p>Pavajul T\u0103u Merit\u0103 o Investi\u021bie, Nu doar o Simpl\u0103 Sp\u0103lare. Servicii Profesionale de Sp\u0103lare \u0219i Etan\u0219are Pavaj \u00een Bistri\u021ba. Suntem aici sa iti oferim cele mai bune servicii! La&nbsp;City Jet Expert, pasiunea pentru cur\u0103\u021benie \u0219i aten\u021bia la detalii se \u00eembin\u0103 cu tehnologia modern\u0103 pentru a oferi servicii profesionale de&nbsp;sp\u0103lare pavaje. Suntem o echip\u0103 dedicat\u0103, cu [&hellip;]<\/p>\n","protected":false},"author":1,"featured_media":0,"parent":0,"menu_order":0,"comment_status":"closed","ping_status":"closed","template":"","meta":{"om_disable_all_campaigns":false,"_monsterinsights_skip_tracking":false,"_monsterinsights_sitenote_active":false,"_monsterinsights_sitenote_note":"","_monsterinsights_sitenote_category":0,"_joinchat":[],"footnotes":""},"class_list":["post-80","page","type-page","status-publish","hentry"],"_links":{"self":[{"href":"https:\/\/spalarepavaj.ro\/index.php\/wp-json\/wp\/v2\/pages\/80","targetHints":{"allow":["GET"]}}],"collection":[{"href":"https:\/\/spalarepavaj.ro\/index.php\/wp-json\/wp\/v2\/pages"}],"about":[{"href":"https:\/\/spalarepavaj.ro\/index.php\/wp-json\/wp\/v2\/types\/page"}],"author":[{"embeddable":true,"href":"https:\/\/spalarepavaj.ro\/index.php\/wp-json\/wp\/v2\/users\/1"}],"replies":[{"embeddable":true,"href":"https:\/\/spalarepavaj.ro\/index.php\/wp-json\/wp\/v2\/comments?post=80"}],"version-history":[{"count":32,"href":"https:\/\/spalarepavaj.ro\/index.php\/wp-json\/wp\/v2\/pages\/80\/revisions"}],"predecessor-version":[{"id":767,"href":"https:\/\/spalarepavaj.ro\/index.php\/wp-json\/wp\/v2\/pages\/80\/revisions\/767"}],"wp:attachment":[{"href":"https:\/\/spalarepavaj.ro\/index.php\/wp-json\/wp\/v2\/media?parent=80"}],"curies":[{"name":"wp","href":"https:\/\/api.w.org\/{rel}","templated":true}]}}